2
Calculate the greatest common divisor of 309 and 4841.
103
What is the greatest common divisor of 16 and 3128?
8
What is the greatest common divisor of 54 and 10422?
54
Calculate the highest common factor of 41192 and 38.
38
What is the greatest common divisor of 672 and 72?
24
What is the greatest common divisor of 12900 and 180?
60
What is the greatest common factor of 21 and 147?
21
What is the greatest common divisor of 3206 and 28?
14
What is the greatest common divisor of 51 and 1581?
51
Calculate the highest common divisor of 553 and 7.
7
What is the greatest common factor of 2812 and 1628?
148
What is the highest common factor of 1485 and 54?
27
Calculate the greatest common factor of 11407 and 187.
187
Calculate the highest common divisor of 33 and 738.
3
What is the greatest common divisor of 52 and 16?
4
Calculate the highest common divisor of 2100 and 56.
28
Calculate the highest common divisor of 30 and 1510.
10
Calculate the greatest common factor of 31 and 28086.
31
What is the greatest common factor of 3625 and 29?
29
Calculate the greatest common factor of 23126 and 124.
62
What is the highest common factor of 78 and 96?
6
What is the greatest common factor of 165 and 110?
55
What is the greatest common divisor of 600 and 72?
24
Calculate the highest common divisor of 3111 and 17.
17
What is the greatest common divisor of 189 and 357?
21
Calculate the greatest common factor of 1098 and 108.
18
Calculate the highest common factor of 7503 and 61.
61
What is the highest common factor of 252 and 336?
84
What is the highest common factor of 1 and 72?
1
Calculate the highest common factor of 78 and 91.
13
Calculate the greatest common factor of 40 and 2264.
8
Calculate the highest common factor of 109 and 109.
109
Calculate the highest common divisor of 32 and 1448.
8
What is the highest common factor of 3120 and 15?
15
What is the greatest common factor of 138 and 1058?
46
What is the greatest common factor of 135 and 783?
27
What is the highest common factor of 185 and 15?
5
Calculate the highest common divisor of 1026 and 228.
114
What is the highest common divisor of 500 and 60?
20
What is the highest common divisor of 27512 and 181?
181
What is the greatest common divisor of 492 and 12?
12
What is the highest common factor of 162 and 11664?
162
Calculate the greatest common factor of 100 and 4610.
10
What is the highest common factor of 318 and 6?
6
What is the greatest common factor of 32 and 40?
8
Calculate the highest common divisor of 645 and 5289.
129
Calculate the highest common factor of 13 and 1339.
13
Calculate the greatest common divisor of 297 and 351.
27
What is the greatest common divisor of 816 and 48?
48
What is the greatest common divisor of 147 and 3?
3
What is the highest common divisor of 13073 and 17?
17
Calculate the highest common divisor of 7 and 1183.
7
Calculate the highest common divisor of 56 and 126.
14
What is the highest common factor of 108 and 120?
12
Calculate the highest common factor of 42 and 91.
7
Calculate the greatest common factor of 801 and 24.
3
What is the highest common divisor of 38 and 399?
19
What is the highest common divisor of 608 and 532?
76
Calculate the greatest common factor of 261 and 9.
9
Calculate the highest common divisor of 2776 and 4.
4
What is the highest common divisor of 4284 and 1008?
252
What is the greatest common factor of 4711 and 7?
7
Calculate the highest common divisor of 1323 and 294.
147
What is the greatest common factor of 13133 and 46?
23
What is the greatest common factor of 60 and 990?
30
Calculate the highest common factor of 616 and 231.
77
What is the highest common factor of 53552 and 16?
16
What is the highest common divisor of 4144 and 24?
8
Calculate the highest common factor of 25 and 4765.
5
Calculate the highest common divisor of 216 and 248.
8
Calculate the greatest common divisor of 16 and 224.
16
What is the highest common factor of 102 and 170?
34
What is the greatest common divisor of 30 and 310?
10
Calculate the greatest common divisor of 51874 and 74.
74
What is the highest common divisor of 1960 and 28?
28
Calculate the greatest common factor of 30 and 42.
6
What is the greatest common factor of 1284 and 10593?
321
What is the greatest common divisor of 3888 and 36?
36
What is the highest common factor of 1156 and 544?
68
What is the highest common factor of 1326 and 459?
51
What is the highest common factor of 7337 and 115?
23
Calculate the highest common factor of 98 and 7154.
98
What is the greatest common divisor of 824 and 7622?
206
Calculate the greatest common divisor of 94 and 235.
47
Calculate the highest common divisor of 222 and 13246.
74
What is the greatest common factor of 204 and 9?
3
What is the highest common factor of 8 and 1604?
4
Calculate the highest common factor of 6595 and 10.
5
Calculate the highest common divisor of 165 and 869.
11
Calculate the highest common divisor of 148 and 999.
37
Calculate the greatest common factor of 208 and 6.
2
What is the greatest common divisor of 36 and 252?
36
Calculate the greatest common factor of 33 and 7799.
11
What is the greatest common divisor of 412 and 721?
103
What is the greatest common factor of 273 and 84?
21
What is the greatest common factor of 48 and 6744?
24
Calculate the highest common factor of 14232 and 8.
8
Calculate the greatest common factor of 37 and 23754.
37
What is the highest common factor of 90 and 65?
5
Calculate the highest common divisor of 119 and 2176.
17
What is the highest common factor of 4 and 16?
4
What is the greatest common factor of 3630 and 495?
165
What is the highest common divisor of 126 and 462?
42
What is the greatest common factor of 20 and 2560?
20
What is the highest common factor of 93 and 49197?
93
Calculate the greatest common factor of 48 and 848.
16
What is the greatest common factor of 1216 and 8?
8
Calculate the highest common factor of 1460 and 18.
2
Calculate the highest common divisor of 40 and 85.
5
Calculate the highest common factor of 512 and 32.
32
What is the greatest common factor of 27 and 4221?
9
Calculate the greatest common divisor of 1092 and 3549.
273
What is the greatest common divisor of 5474 and 238?
238
Calculate the greatest common divisor of 153 and 17.
17
What is the greatest common factor of 15525 and 138?
69
Calculate the highest common factor of 15 and 115.
5
Calculate the highest common factor of 9537 and 66.
33
Calculate the highest common factor of 119 and 413.
7
What is the highest common divisor of 158 and 26386?
158
Calculate the highest common divisor of 16 and 103216.
16
Calculate the highest common factor of 35 and 40.
5
What is the greatest common factor of 966 and 14?
14
Calculate the highest common divisor of 105 and 168.
21
What is the highest common divisor of 414 and 506?
46
Calculate the highest common divisor of 30 and 510.
30
Calculate the greatest common divisor of 748 and 44.
44
What is the highest common divisor of 380 and 560?
20
Calculate the greatest common factor of 6 and 6.
6
Calculate the highest common factor of 10 and 160.
10
Calculate the highest common divisor of 52 and 182.
26
What is the greatest common divisor of 69 and 253?
23
What is the highest common divisor of 56 and 8582?
14
What is the highest common divisor of 1725 and 69?
69
Calculate the greatest common divisor of 24 and 31104.
24
Calculate the highest common divisor of 7316 and 472.
236
What is the highest common factor of 296 and 37?
37
What is the highest common divisor of 32 and 7776?
32
What is the highest common factor of 56 and 304?
8
What is the highest common divisor of 14 and 35?
7
What is the greatest common factor of 490 and 392?
98
What is the highest common divisor of 624 and 741?
39
What is the greatest common factor of 370 and 10?
10
Calculate the greatest common divisor of 36 and 636.
12
Calculate the highest common factor of 585 and 10.
5
Calculate the highest common factor of 20 and 29020.
20
Calculate the greatest common divisor of 18425 and 22.
11
What is the highest common factor of 2189 and 1393?
199
What is the highest common factor of 3150 and 28?
14
What is the highest common factor of 3933 and 36?
9
Calculate the highest common factor of 731 and 68.
17
Calculate the 